 11801973?
False
Does 695 divide 151341552?
False
Is 83198019 a multiple of 34?
False
Does 28 divide 49444752?
True
Is 68466606 a multiple of 78?
True
Is 2902772754 a multiple of 18?
True
Is 50233030 a multiple of 81?
False
Does 16 divide 1246992?
True
Does 4460 divide 865659240?
True
Is 254422151 a multiple of 10?
False
Is 72 a factor of 727142112?
True
Is 71 a factor of 18555069?
True
Is 870285953 a multiple of 61?
False
Does 2768 divide 71860048?
True
Is 18 a factor of 1051269119?
False
Is 137 a factor of 2251276438?
False
Does 8716 divide 2828665409?
False
Does 53 divide 4958617354?
True
Is 281828287 a multiple of 730?
False
Is 15 a factor of 25655604?
False
Is 859 a factor of 385718127?
False
Is 90932870 a multiple of 70?
True
Is 1024 a factor of 848313344?
True
Is 112 a factor of 48106997?
False
Is 858 a factor of 40642602?
True
Does 27 divide 13573197?
True
Is 19 a factor of 2204221711?
True
Does 1978 divide 38864380?
False
Is 912710560 a multiple of 160?
True
Is 85363248 a multiple of 16?
True
Is 48346526 a multiple of 19?
True
Is 221 a factor of 27187787?
False
Is 73171241 a multiple of 3341?
True
Does 11 divide 86657078?
False
Is 2 a factor of 17601079?
False
Is 491528 a multiple of 7?
False
Is 30 a factor of 1203671490?
True
Is 123875913 a multiple of 21?
True
Is 75319888 a multiple of 16?
True
Is 461 a factor of 128124808?
True
Is 1313 a factor of 28698702?
False
Is 1445 a factor of 12762240?
True
Is 262840165 a multiple of 245?
True
Is 4 a factor of 17874836?
True
Is 170 a factor of 30713684?
False
Is 328 a factor of 261860428?
False
Is 4618 a factor of 84386604?
False
Is 29 a factor of 27159718?
True
Is 26 a factor of 83389127?
False
Does 102 divide 37752377?
False
Does 211 divide 15721821?
True
Does 15 divide 39135645?
True
Is 4 a factor of 3554208?
True
Is 204646685 a multiple of 169?
False
Does 1710 divide 23868701?
False
Is 21 a factor of 28389018?
True
Is 237 a factor of 53353827?
False
Does 186 divide 206199786?
True
Does 420 divide 593735910?
False
Is 4 a factor of 538504738?
False
Is 51 a factor of 2711222293?
False
Does 6 divide 451597877?
False
Is 181 a factor of 25892412?
True
Does 433 divide 644643420?
False
Is 467322143 a multiple of 1880?
False
Does 5594 divide 2086254330?
True
Does 23 divide 155072371?
True
Is 707502326 a multiple of 94?
False
Is 944621919 a multiple of 123?
True
Is 63 a factor of 49818975?
False
Does 25 divide 80901894?
False
Is 1546 a factor of 163987150?
False
Is 65157671 a multiple of 2073?
False
Does 1247 divide 151406999?
True
Is 7 a factor of 1511724894?
False
Is 2 a factor of 16130665?
False
Does 745 divide 12454165?
True
Does 1471 divide 21835793?
False
Is 118 a factor of 41831826?
True
Does 3764 divide 64439680?
True
Does 78 divide 27256866?
True
Does 98 divide 831248915?
False
Is 374116444 a multiple of 52?
True
Is 96 a factor of 5795823552?
True
Is 30 a factor of 2541930?
True
Is 24 a factor of 588319440?
True
Does 8 divide 80349808?
True
Is 240 a factor of 134521817?
False
Does 28 divide 20417124?
True
Is 76924890 a multiple of 1890?
True
Is 258134934 a multiple of 258?
True
Is 377434232 a multiple of 362?
True
Does 899 divide 250113487?
True
Does 588 divide 2324439852?
True
Is 17677995 a multiple of 15?
True
Is 137553110 a multiple of 3?
False
Is 14 a factor of 2801504703?
False
Does 464 divide 267569901?
False
Is 2166 a factor of 60133040?
False
Is 143946018 a multiple of 27?
True
Does 230 divide 1945354546?
False
Is 548 a factor of 32427857?
False
Is 788 a factor of 334333?
False
Does 43 divide 1251694379?
False
Does 7178 divide 1330270028?
True
Is 1010 a factor of 400204420?
True
Is 325318203 a multiple of 4819?
False
Is 45932902 a multiple of 18?
False
Is 28508558 a multiple of 13?
True
Is 17667996 a multiple of 8?
False
Is 40334043 even?
False
Is 9 a factor of 57735189?
True
Is 4386 a factor of 146693468?
False
Is 282 a factor of 327562458?
True
Is 67 a factor of 97763318?
True
Is 54228484 a multiple of 4?
True
Is 50 a factor of 95772550?
True
Is 73 a factor of 3033758090?
True
Is 37109178 a multiple of 9?
True
Is 2510 a factor of 132460117?
False
Does 17 divide 1434236297?
True
Is 72 a factor of 13101120?
True
Is 48 a factor of 15720447?
False
Does 733 divide 41337535?
True
Does 1189 divide 118246050?
True
Does 1286 divide 216072434?
True
Does 278 divide 232718714?
False
Is 13 a factor of 97049290?
True
Is 3738211597 a multiple of 23?
True
Is 2223191954 a multiple of 41?
True
Does 3658 divide 716635122?
True
Does 351 divide 3922893936?
True
Does 18 divide 42593792?
False
Does 249 divide 1881261481?
False
Is 110700834 a multiple of 3098?
True
Is 313 a factor of 11894309?
False
Is 1865458671 a multiple of 17?
True
Is 1826 a factor of 93408115?
False
Does 111 divide 339277050?
True
Is 56444368 a multiple of 47?
True
Does 34 divide 711523890?
False
Is 39513807 a multiple of 168?
False
Is 1738188 a multiple of 318?
True
Is 17 a factor of 18404769?
False
Does 53 divide 130132278?
True
Does 101 divide 36577049?
True
Is 1029 a factor of 801966786?
False
Does 258 divide 68358883?
False
Is 1751895750 a multiple of 139?
False
Is 70297137 a multiple of 59?
False
Is 22000090 a multiple of 375?
False
Is 25989900 a multiple of 15?
True
Does 145 divide 46677714?
False
Does 189 divide 133625835?
True
Does 32 divide 942664320?
True
Does 784 divide 1180892240?
False
Is 858955380 a multiple of 60?
True
Is 119780046 a multiple of 1495?
False
Does 103 divide 612644?
True
Does 1029 divide 77360220?
True
Does 391 divide 113520376?
False
Does 5 divide 206941?
False
Is 27016125 a multiple of 375?
True
Is 221 a factor of 509195085?
False
Is 1354 a factor of 113630561?
False
Is 582 a factor of 1880388659?
False
Does 7 divide 1138816?
True
Does 77 divide 210602623?
True
Is 384 a factor of 29579384?
False
Does 79 divide 55531628?
True
Does 754 divide 14821802?
False
Does 970 divide 642690960?
True
Does 1222 divide 331454151?
False
Is 126429651 a multiple of 47?
False
Does 19 divide 28667517?
False
Does 16 divide 197556886?
False
Is 149743856 a multiple of 163?
False
Is 387 a factor of 53768232?
True
Is 22 a factor of 53782482?
False
Is 333588675 a multiple of 25?
True
Is 26 a factor of 23316462?
True
Is 4788016195 a multiple of 12?
False
Does 45 divide 1900099?
False
Is 581 a factor of 14272265?
True
Does 614 divide 1889838582?
True
Does 392 divide 119268846?
False
Is 6153328 a multiple of 16?
True
Is 1277 a factor of 30883353?
False
Is 111 a factor of 22200000?
True
Is 107902223 a multiple of 143?
True
Does 12 divide 20566259?
False
Is 2330878170 a multiple of 142?
True
Is 3757936902 a multiple of 21?
False
Is 283595168 a multiple of 2805?
False
Does 3323 divide 184147368?
True
Does 4095 divide 1371325410?
True
Is 1226 a factor of 119217087?
False
Is 14 a factor of 55601014?
True
Is 73568582 a multiple of 1226?
True
Does 901 divide 48098336?
False
Does 26 divide 99980038?
False
Is 4868145 a multiple of 93?
False
Does 63 divide 350501634?
True
Does 4799 divide 22483315?
True
Is 74 a factor of 2035971250?
True
Is 6 a factor of 1177444758?
True
Does 85 divide 99186500?
True
Is 58747785 a multiple of 18?
False
Does 179 divide 11363382?
False
Is 15 a factor of 39960870?
True
Is 344865801 a multiple of 269?
True
Does 144 divide 562621680?
True
Is 8794332 a multiple of 41?
False
Does 136 divide 27650024?
True
Does 24 divide 54933373?
False
Does 509 divide 1712662331?
True
Is 15 a factor of 1012977?
False
Does 307 divide 5361344541?
True
Is 84010035 a multiple of 1687?
False
Is 678 a factor of 362560386?
False
Is 1096486908 a multiple of 132?
True
Is 737 a factor of 13038267?
True
Does 1662 divide 78798744?
True
Is 2553193959 a multiple of 2001?
True
Does 2024 divide 965437850?
False
Is 114311232 a multiple of 56?
True
Is 27 a factor of 1885084654?
False
Is 5 a factor of 219792029?
False
Is 923 a factor of 366112565?
True
Is 30668190 a multiple of 105?
True
Is 3 a factor of 13069978?
False
Is 3 a factor of 127909554?
True
Does 8 divide 70351456?
True
Is 7 a factor of 99091074?
False
Is 5143761656 a multiple of 479?
False
Does 2531 divide 181216049?
False
Is 27 a factor of 28653064?
False
Is 2136 a factor of 617969440?
False
Does 3 divide 9082602?
True
Is 4370 a factor of 207675510?
True
Is 15 a factor of 88635